of 607?
True
Is 68 a factor of 182376?
True
Is 7312619 a multiple of 484?
False
Is 11 a factor of 892243?
True
Is 483480 a multiple of 12?
True
Does 109 divide 9099?
False
Is 390 a factor of 12879750?
True
Is 32 a factor of 126912?
True
Is 570725 a multiple of 37?
True
Is 58 a factor of 859965?
False
Does 23 divide 765831?
True
Does 14 divide 189241?
False
Does 10 divide 260771?
False
Does 4 divide 270276?
True
Is 11 a factor of 1254722?
False
Does 188 divide 1317972?
False
Does 110 divide 695183?
False
Does 9 divide 1142721?
True
Is 3916175 a multiple of 409?
True
Does 806 divide 2139674?
False
Is 234630 a multiple of 33?
True
Is 1495432 a multiple of 1993?
False
Does 96 divide 1342181?
False
Is 2300082 a multiple of 18?
False
Is 12128080 a multiple of 1520?
True
Does 63 divide 205047?
False
Is 11 a factor of 96594?
False
Is 279 a factor of 5509710?
False
Does 8 divide 171366?
False
Does 4 divide 2385?
False
Is 21 a factor of 1778884?
False
Is 23 a factor of 2862856?
True
Is 19857 a multiple of 4?
False
Is 660053 a multiple of 7?
False
Is 163296 a multiple of 486?
True
Is 785150 a multiple of 5?
True
Is 83587 a multiple of 99?
False
Does 84 divide 85916?
False
Does 24 divide 382704?
True
Is 37 a factor of 408534?
False
Does 66 divide 60654?
True
Is 1441416 a multiple of 12?
True
Does 33 divide 47454?
True
Is 1201359 a multiple of 23?
True
Does 19 divide 395333?
True
Is 1630447 a multiple of 41?
True
Is 74 a factor of 4440296?
True
Is 36 a factor of 1254632?
False
Is 320 a factor of 441381?
False
Does 50 divide 3656700?
True
Does 61 divide 142539?
False
Does 1912 divide 2901266?
False
Is 13 a factor of 10588760?
True
Is 119556 a multiple of 164?
True
Does 4 divide 332024?
True
Does 264 divide 79200?
True
Is 222 a factor of 5140540?
False
Is 329338 a multiple of 124?
False
Is 16 a factor of 1548274?
False
Is 4 a factor of 79028?
True
Does 7 divide 38593?
False
Is 26 a factor of 2146?
False
Is 34 a factor of 140012?
True
Is 85782 a multiple of 34?
True
Is 397048 a multiple of 17?
False
Is 1757880 a multiple of 76?
True
Is 58424 a multiple of 8?
True
Is 64 a factor of 8556197?
False
Is 982065 a multiple of 70?
False
Does 217 divide 281666?
True
Is 18564 a multiple of 8?
False
Is 8510839 a multiple of 13?
False
Is 62 a factor of 1388614?
True
Does 269 divide 1683473?
False
Is 1680000 a multiple of 125?
True
Is 13 a factor of 1698294?
True
Is 48 a factor of 3166656?
True
Does 128 divide 224256?
True
Is 1185 a factor of 7267851?
False
Is 9304451 a multiple of 1096?
False
Is 55 a factor of 599445?
True
Is 151890 a multiple of 183?
True
Is 83 a factor of 456666?
True
Is 230613 a multiple of 21?
False
Is 3252485 a multiple of 185?
True
Is 1601182 a multiple of 159?
False
Is 97 a factor of 127237?
False
Is 435104 a multiple of 27?
False
Does 4 divide 9103029?
False
Is 13 a factor of 49205?
True
Is 875322 a multiple of 9?
True
Does 129 divide 55212?
True
Does 271 divide 3333300?
True
Is 727648 a multiple of 89?
False
Is 70926 even?
True
Does 11 divide 640101?
True
Does 67 divide 2274197?
False
Is 21643 a multiple of 24?
False
Is 1898470 a multiple of 74?
True
Is 1122960 a multiple of 15?
True
Is 84366 a multiple of 104?
False
Is 451 a factor of 55924?
True
Is 33 a factor of 32571?
True
Does 90 divide 3525962?
False
Is 8 a factor of 10823010?
False
Is 12480355 a multiple of 331?
True
Does 24 divide 380808?
True
Does 17 divide 109662?
False
Is 12 a factor of 1795764?
True
Is 363746 a multiple of 50?
False
Does 114 divide 35910?
True
Is 5016042 a multiple of 573?
True
Is 23 a factor of 7476978?
True
Does 16 divide 6936123?
False
Is 3654888 a multiple of 155?
False
Is 177156 a multiple of 399?
True
Is 27 a factor of 1455?
False
Is 25 a factor of 640125?
True
Does 487 divide 163202?
False
Is 35 a factor of 21474540?
False
Does 14 divide 3458?
True
Does 7 divide 5076?
False
Is 55147 a multiple of 166?
False
Does 9 divide 562590?
True
Does 54 divide 4533983?
False
Is 833348 a multiple of 57?
False
Is 533683 a multiple of 3?
False
Does 2 divide 57874?
True
Is 8 a factor of 2422282?
False
Does 783 divide 580108?
False
Does 233 divide 58949?
True
Is 17 a factor of 605353?
True
Is 13123320 a multiple of 720?
False
Does 239 divide 1337683?
True
Is 88512 a multiple of 192?
True
Does 10 divide 74040?
True
Is 165 a factor of 220636?
False
Is 194177 a multiple of 277?
True
Does 24 divide 5464?
False
Does 17 divide 598859?
True
Does 614 divide 2454875?
False
Is 43022 a multiple of 7?
True
Does 8 divide 24584?
True
Does 32 divide 24672?
True
Is 355 a factor of 236785?
True
Is 12369 a multiple of 2?
False
Does 13 divide 344084?
True
Is 12860165 a multiple of 30?
False
Is 132003 a multiple of 24?
False
Is 14756 a multiple of 68?
True
Is 58 a factor of 1450130?
False
Does 43 divide 423334?
False
Is 726524 a multiple of 39?
False
Is 684306 a multiple of 14?
True
Is 4264081 a multiple of 359?
False
Is 18952 a multiple of 7?
False
Is 803113 a multiple of 779?
False
Is 1472 a factor of 6024896?
True
Is 564620 a multiple of 70?
True
Is 761006 even?
True
Is 216 a factor of 18576?
True
Is 61 a factor of 7026796?
False
Is 3999641 a multiple of 59?
False
Does 66 divide 90222?
True
Does 7 divide 917434?
True
Is 24 a factor of 564652?
False
Is 26621 even?
False
Does 9 divide 301131?
True
Does 41 divide 13201713?
True
Is 69 a factor of 746718?
True
Is 94 a factor of 125922?
False
Is 38 a factor of 13263672?
True
Does 380 divide 3213280?
True
Is 109 a factor of 184054?
False
Is 7 a factor of 1393763?
True
Is 9241 a multiple of 34?
False
Is 322 a factor of 680708?
True
Does 24 divide 419745?
False
Is 2673345 a multiple of 62?
False
Does 2 divide 11116?
True
Does 12 divide 58668?
True
Does 40 divide 1378816?
False
Does 36 divide 2328732?
True
Is 122 a factor of 405432?
False
Is 281 a factor of 1559550?
True
Is 46 a factor of 213900?
True
Is 125 a factor of 163000?
True
Is 310 a factor of 50220?
True
Is 3 a factor of 2789?
False
Does 9 divide 259218?
True
Does 4 divide 180908?
True
Is 719100 a multiple of 12?
True
Does 7 divide 33030?
False
Is 534117 a multiple of 14?
False
Is 119 a factor of 3739866?
False
Is 596 a factor of 1050791?
False
Is 229 a factor of 117174?
False
Is 102955 a multiple of 9?
False
Does 13 divide 209937?
True
Is 2960241 a multiple of 41?
True
Does 30 divide 3152460?
True
Is 16 a factor of 776776?
False
Is 214071 a multiple of 9?
False
Is 76068 a multiple of 18?
True
Is 182 a factor of 1706709?
False
Is 9 a factor of 3926755?
False
Is 159177 a multiple of 97?
True
Is 7 a factor of 314758?
False
Is 10 a factor of 827590?
True
Does 9 divide 56622?
False
Does 16 divide 1955056?
True
Is 1385988 a multiple of 17?
False
Is 171244 a multiple of 28?
False
Is 1573452 a multiple of 18?
True
Does 92 divide 1095168?
True
Does 16 divide 677245?
False
Is 20 a factor of 6823?
False
Is 360845 a multiple of 289?
False
Is 1341640 a multiple of 34?
True
Is 189664 a multiple of 24?
False
Does 7 divide 75754?
True
Is 1261 a factor of 3653117?
True
Is 19 a factor of 373008?
True
Is 47 a factor of 231021?
False
Does 51 divide 34731?
True
Is 9 a factor of 96450?
False
Is 2 a factor of 1359?
False
Is 84 a factor of 1765008?
True
Does 222 divide 19375?
False
Is 330 a factor of 897600?
True
Is 712 a multiple of 27?
False
Is 15 a factor of 624568?
False
Is 498392 a multiple of 56?
False
Does 293 divide 319370?
True
Is 4881048 a multiple of 87?
True
Is 13670395 a multiple of 14?
False
Is 2009352 a multiple of 8?
True
Is 1633664 a multiple of 8?
True
Does 33 divide 195195?
True
Is 349350 a multiple of 30?
True
Is 29085 a multiple of 15?
True
Does 43 divide 816338?
False
Does 7 divide 64778?
True
Is 126 a factor of 321552?
True
Is 623 a factor of 125145?
False
Is 14995958 a multiple of 126?
False
Is 104650 a multiple of 9?
False
Is 209 a factor of 645183?
True
Is 1386924 a multiple of 11?
True
Is 955 a factor of 933035?
True
Is 176 a factor of 1738893?
False
Is 221998 a multiple of 56?
False
Is 228522 a multiple of 624?
False
Does 6 divide 230970?
True
Does 63 divide 56511?
True
Is 286960 a multiple of 20?
True
Is 292590 a multiple of 9?
True
Does 668 divide 6791399?
False
Does 87 divide 7743?
True
Is 32 a factor of 12798785?
False
Is 21 a factor of 62086?
False
Does 34 divide 1325375?
False
I